pose -g*u + 7*j + 89 = 2*j, -35 = -u + 3*j. List the prime factors of u.
23
Let n = 1 + 1. Suppose -4 = 4*w, 3*v - n*w + w = 43. What are the prime factors of v?
2, 7
Suppose -5*t = 67 - 237. Let f = 52 - t. List the prime factors of f.
2, 3
What are the prime factors of 2/13 + 1062/26?
41
Let p(k) = -47*k**3 - k**2 - 2*k - 2. List the prime factors of p(-1).
2, 23
Suppose 280 = 2*b + 62. List the prime factors of b.
109
Let t(u) = 3*u**2 - 12*u + 5. List the prime factors of t(8).
101
Let g be 5/(-2) + 2/4. Suppose 4*m - 15 - 6 = p, 26 = -2*p + 4*m. List the prime factors of (4/p)/(g/25).
2, 5
Suppose -4*i = -5*i. Suppose -4*v + 0*v + 4 = i, a = 2*v + 10. What are the prime factors of a?
2, 3
Suppose -13 = -2*j - 0*j - w, 3*w = 15. What are the prime factors of j?
2
Let a = 41 + -29. List the prime factors of a.
2, 3
Let f be (2 + -2)/((-1)/(-1)). What are the prime factors of f - -12 - (2 - 2)?
2, 3
Let d(l) = -17*l - 20. What are the prime factors of d(-7)?
3, 11
Suppose 9*q = 204 + 102. What are the prime factors of q?
2, 17
Suppose 2*x = 8*x - 12. What are the prime factors of x?
2
Suppose -i + 3 = -0. Let f(z) = -7 + 2*z - 4*z**2 - z**3 + 2 + 0*z**i. List the prime factors of f(-5).
2, 5
Suppose -4*h + 2 = -5*h - 2*x, -4 = 4*x. Suppose 5 = d - h. List the prime factors of d.
5
What are the prime factors of (-1)/(21/(-4398)) + (-42)/98?
11, 19
Let n(c) = c - 4. Let w be n(4). Suppose -4*d + d + 18 = w. List the prime factors of d.
2, 3
Let a(o) = 2*o - 10. Let y be a(7). Let r(p) = -p**3 + 4*p**2 - p + 3. Let h be r(y). What are the prime factors of h - (-1 + -1 - 3)?
2
Suppose -11 = -3*x + 22. Suppose 3*s - x = -2*l + l, 8 = -s + 2*l. Suppose -5*c + 35 = -3*o + s*o, -49 = -4*c + 5*o. What are the prime factors of c?
2, 3
Let v = 47 - 95. What are the prime factors of -4*(-4)/(v/(-21))?
7
Let l be 10/5 + (-1 - -2). Suppose -3*y - 9 - 7 = -2*s, -l*y - 11 = -s. List the prime factors of s.
5
Suppose 5*t + 3*z + z = 174, -5*t - 3*z + 173 = 0. What are the prime factors of t?
2, 17
Suppose 2*t - 34 = -4*z, -4*t + 3*z + 12 = -78. Let o be (2 + t/(-9))*-15. Suppose 0 = 5*g - 0*g, -20 = -5*p + o*g. What are the prime factors of p?
2
List the prime factors of 336/18*(-3)/(-2).
2, 7
Let w = 66 - 12. What are the prime factors of w?
2, 3
Let l be 0 - ((-6)/2 - 68). Let o = 107 - l. What are the prime factors of o?
2, 3
Suppose -5*r = -r - 16. What are the prime factors of -4*((-19)/r + 3)?
7
Suppose -5*i = 5*n, 5*i + 4 + 26 = 5*n. Let a be ((0 + 0)/i)/2. Suppose -s = -k, -2*s = 3*k - a*s - 20. What are the prime factors of k?
2
Let g(v) = -v**3 - 7*v**2 - v + 2. Let q be g(-7). Suppose 2*w = -3*h + 10, 5*h = -w + 25 + 1. List the prime factors of 16/6*(q - h).
2
Suppose 3 + 18 = 3*f. List the prime factors of f.
7
Suppose 3*k - 5*r = -44, 0*k - k - 3*r - 38 = 0. Let w = k - -33. What are the prime factors of w?
2, 5
Let t(u) = u**2 + 4 + 2 + 8*u + 6. List the prime factors of t(-9).
3, 7
Suppose -5*s - 50 = -7*s. What are the prime factors of s?
5
Let a(v) = -4*v - 5. Let u be (26/6)/(1/(-3)). What are the prime factors of a(u)?
47
Let b = 81 - -47. List the prime factors of b.
2
Let k(x) be the third derivative of -2/3*x**3 + 0 + 0*x - 1/15*x**5 + x**2 - 1/120*x**6 + 1/24*x**4. List the prime factors of k(-5).
2
Suppose 4*o + 42 = 14. What are the prime factors of o/14 - (-5)/2?
2
Let c = 74 - 59. List the prime factors of c.
3, 5
Let w = -4 - -6. Suppose -62 = -5*r - w. What are the prime factors of r?
2, 3
Let l(b) = -b**2 + 10*b + 4. Let d be l(9). Let k = 17 - d. What are the prime factors of k?
2
Let m = -14 + 145. What are the prime factors of m?
131
Let j = -12 + 86. What are the prime factors of j?
2, 37
Suppose 0 = 3*n - n. Suppose n = a - 0*a. What are the prime factors of -3 - 0 - (a + -19)?
2
Let j = -15 - -7. Let u = 7 + j. What are the prime factors of u + 3 + 0 + 1?
3
Let q = -14 + 7. Let a = 18 + q. List the prime factors of a.
11
Suppose 3*d = -3, -w + 6 = -6*w - d. Let u(l) = -l. Let f be u(w). Let y = f + 5. List the prime factors of y.
2, 3
Let k = -11 + -30. What are the prime factors of (k - -3 - -3)*-1?
5, 7
Let a = -9 + 16. List the prime factors of a.
7
Let g(x) = 24*x**2 - 1. What are the prime factors of g(-1)?
23
Let a = -33 + 64. List the prime factors of a.
31
Suppose 3*s + 182 = 5*b, b + 6 - 24 = -4*s. List the prime factors of b.
2, 17
Let o be 2/2 - (-12)/4. Let u(k) = 5*k - 3. List the prime factors of u(o).
17
Let w(x) = 21*x**3 - 2*x**2 + x. Suppose 0 = -l + 1. Suppose -l + 0 = -a. What are the prime factors of w(a)?
2, 5
Let g be ((-53)/(-2))/(1/2). Suppose g = 2*a + 5. Suppose -8*t = -4*t - a. List the prime factors of t.
2, 3
Suppose -2 = -b - b. Let p be (0 + b)*(-2 + 3). What are the prime factors of (p - (3 - 7))*1?
5
Let i(t) = t - 6. Let o be i(10). What are the prime factors of o/(-10) + 34/10?
3
Let v(n) = 33*n**2. List the prime factors of v(2).
2, 3, 11
What are the prime factors of -16*(2 + (-3 - (-2)/(-4)))?
2, 3
Let y = 6 + -10. Let t = 13 - y. List the prime factors of t.
17
Suppose -8*c = -3*c - 20. Suppose 0 = -c*x + 4, 0 = -2*l - 3*x - 2*x - 55. What are the prime factors of (-295)/l + (-2)/(-12)?
2, 5
Let x = 4 - 1. Let a(h) = -3*h - h + x*h. List the prime factors of a(-6).
2, 3
Let d(j) = 17*j - 20. What are the prime factors of d(3)?
31
Suppose 3*f - 2 = 1. Let j(g) = 5*g - 6. Let l(h) = 5*h - 7. Let r(t) = 6*j(t) - 5*l(t). What are the prime factors of r(f)?
2
Let x = 9 - 15. List the prime factors of (-112)/x + (-1)/(-3).
19
Let w(m) = 8*m**2 + m. Let d be w(2). Suppose 3*s - 2 = d. List the prime factors of s.
2, 3
Suppose -2*i + 0*h + 294 = 3*h, -h = 5*i - 735. List the prime factors of i.
3, 7
Let k = 3 + 2. What are the prime factors of 444/30 - (-1)/k?
3, 5
Suppose -2*b + 6 = 2*o, 7 = b + 2*b + o. Suppose b*g + 15 = 7*g. List the prime factors of g.
3
Let a be (-51)/6 + (-1)/2. Let b be a - -4 - 1*-1. What are the prime factors of (b/(-5))/((-2)/(-10))?
2
Let y(q) = q + 5*q**2 + 3*q**2 - 2 - 3*q**3 - 4*q**2 - 3*q**2. Let f be y(2). Let x = f - -29. What are the prime factors of x?
3
Let p(n) be the third derivative of n**5/30 + n**4/8 + 2*n**3/3 + 4*n**2. Suppose -7 - 5 = 4*z. What are the prime factors of p(z)?
13
Suppose -3*s + 10 = -5. Let v be (-1 - 12) + -8 + s. Let d = 2 - v. List the prime factors of d.
2, 3
List the prime factors of (-168)/35*10/(-3).
2
Let c = -1 + 1. Let r be (-4 - (c - 0))*-2. Let u(y) = 2*y - 8. What are the prime factors of u(r)?
2
Let l = -19 + 35. What are the prime factors of l?
2
Let r be 24/(-9)*(-6)/8. Let t = 4 + r. Let i = t + 2. List the prime factors of i.
2
Suppose -4*y = 4*m - 140, -2*m + 105 = 3*y - 0*m. Suppose y = 4*o + 5*v, v - 6*v - 5 = 0. Let d = 15 - o. What are the prime factors of d?
5
Suppose -2*f = -0*f - 152. List the prime factors of f.
2, 19
Let o(j) = 2*j**2 - 4*j + 4. Let f be o(4). Suppose -f = -5*k + t, 3*k - 3*t - t - 12 = 0. What are the prime factors of k?
2
Let t = 0 + 2. Suppose -3*l + 0*l - t*n + 17 = 0, -5*n - 45 = -5*l. What are the prime factors of (-6)/(0 - 3) + l?
3
Let d(b) = b**3 - 4*b**2 + 4*b - 6. Let f be d(4). Let v = f + -14. List the prime factors of (-42)/v + 3/(-6).
2, 5
List the prime factors of (2/(-8))/(4/(-32)).
2
Suppose -n - 2*l - 1 = 0, -3*n - 2 = -5*l - 54. List the prime factors of (-285)/(-9) + 3/n.
2
Suppose 2 = 4*g - 3*g. Suppose -4*c = -g*c - 4. What are the prime factors of c?
2
Suppose 2*a + 2*g = 6*a - 10, g = -4*a + 19. Suppose -a*d = 3 - 11. List the prime factors of d.
2
Let n = -6 + 8. Suppose -2*j - 2*h - 91 = -7*j, 40 = n*j - 2*h. List the prime factors of j.
17
Let c = 64 - -97. What are the prime factors of c?
7, 23
Let w(t) = 15*t**2 - 2*t. List the prime factors of w(-2).
2
Suppose -26 = -4*c - 4*l - 2, -l = 2*c - 9. Let a(w) = 2 + 3*w**2 + w**2 + w**2 - w**c + 4 - 3*w. What are the prime factors of a(4)?
2, 5
Suppose 24 = -3*l + 9. List the prime factors of 9/(-15) + (-68)/l.
13
Let o(h) = -h**2 + h. Let k be o(0). Let a(b) = 6*b - 3. Let g be a(3). Suppose k = -2*n + g + 15. What are the prime factors of n?
3, 5
Let h(w) = w**3 - 7*w**2 + 6*w + 4. Let y be h(6). Suppose -y*a + 4 = -12. What are the prime factors of a?
2
Let n = -27 + 16. Let a(x) = -2*x - 15. List the pr